f -5 + -1 + (-2 - -8)?
0
What is the value of 24 - 16 - 8 - (1 - -4)?
-5
What is the value of (-11 - -11) + (-4 + 13 - 3)?
6
What is the value of 0 - 3 - (1 - 2)?
-2
What is the value of (2 - 3) + 1 - -4?
4
What is (-1 - 9) + 7 - (-1 + 3)?
-5
Calculate -5 - (-11 + 2 - (11 + -4)).
11
Calculate -6 + (-2 + -3 + 6 - 1).
-6
Calculate 5 + (-10 - (-8 - -6)).
-3
90 + -92 + 0 + -1 + -4
-7
Calculate 0 + -6 - (-6 + 3).
-3
What is 3 + (-3 - (5 - 8))?
3
What is -4 + -13 + 15 - -12?
10
Calculate -15 + (-11 - -10) + 9.
-7
Evaluate 2 - (3 - 3) - (11 + -13).
4
Calculate -1 + (9 - (10 - 8)).
6
Calculate (2 + -3 - -7) + 2 + -4.
4
Evaluate -10 + 13 - (0 + 1 - -5).
-3
Evaluate -1 - (2 - 1 - -2).
-4
1 + (0 - 1) - (-6 - -2)
4
Evaluate -3 - 7 - (4 - 21).
7
What is 5 + -5 + (2 - 4) + 4?
2
What is the value of -4 + -1 + (-2 - -9)?
2
What is -3 + (6 + -3 - 1)?
-1
-2 + (2 - (5 + (-6 - 5)))
6
Evaluate -9 - ((9 - 10) + -8).
0
Calculate -2 + (8 + (0 - 6) - 0).
0
Evaluate (0 + 12 - 14) + 0.
-2
What is the value of (-4 - 1) + (14 - 5)?
4
What is 5 + (4 - 2 - 7)?
0
What is 8 + 8 + 0 + -9?
7
What is -8 + 1 + 6 + 2?
1
What is -2 + (2 - 0) + 6 - -2?
8
Calculate -7 + -6 - -7 - -5.
-1
What is -5 - (1 - 2 - 2)?
-2
What is the value of (-8 - -2 - 0) + 8?
2
What is the value of -1 + 7 + -4 + 3 + -2?
3
What is the value of 5 + -5 + 4 + -6 + 0?
-2
Calculate -1 + -1 - (7 + -6 + -5).
2
Evaluate 0 - 2 - -7 - 8.
-3
Evaluate (1 - (-6 + -2 + 4)) + 1.
6
What is (-4 + -3 - -7) + -4 - 0?
-4
What is the value of 7 + -12 + (1 - 0)?
-4
Calculate -2 - (-1 + (0 - (4 - 0))).
3
-6 - -13 - (6 + -3)
4
-1 - -13 - (3 + 2)
7
Evaluate 1 - ((-5 - -2) + 1).
3
-1 + 8 + (-1 - 1)
5
Calculate 13 - (18 - 13) - 4.
4
(-4 - 2) + 3 - (-6 + 0)
3
57 + -63 + (12 - (3 - 6))
9
What is -2 - (-2 + 7 + -8)?
1
Calculate 0 - 7 - (15 + -21).
-1
0 - 1 - (-5 + (1 - 0))
3
-1 - (-1 + 6 - (-5 + 8))
-3
Calculate 11 + (-13 - (12 - 7)).
-7
Calculate 2 - -7 - (21 - 16).
4
Calculate (-8 - -6) + 3 + -2 + -4.
-5
What is -8 + 0 + 1 + 279 + -271?
1
7 + 4 + (4 - (3 - -6))
6
What is 1 - -2 - (9 + -8 - -4)?
-2
-9 - -9 - (-1 + 0)
1
What is the value of 5 - (0 + 11) - -6?
0
Calculate -3 + (-1 - (-18 + 8)).
6
What is the value of 2 + 3 + -7 + 8?
6
Calculate -2 + (-6 + 3 - -1) + -2.
-6
What is 4 + 5 + -5 - 6?
-2
What is the value of 18 - (6 + (-6 - 2) + 11)?
9
What is (-8 - (9 - 14)) + (-1 - -5)?
1
Evaluate -2 + 3 + 20 + -21.
0
Evaluate 3 - (-2 - 6 - -6).
5
Calculate 2 - (10 - (-4 + 7) - -1).
-6
Calculate 10 + -5 + -3 - (-1 - -1).
2
Evaluate (-4 - -1) + 7 - 5 - -5.
4
What is -2 + (1 - -5) + -2 + 3?
5
What is the value of -1 + -3 + 7 + -2?
1
Calculate -12 - (9 + -2 + -14).
-5
(4 - 1) + 18 + (-27 - -1)
-5
What is -4 - ((3 - 13) + 4)?
2
Calculate 10 - (6 - -20) - (5 - 13).
-8
What is the value of -4 + (10 - 11) + -4?
-9
What is the value of -6 + 10 - (-1 + 0)?
5
(-26 - -31) + (1 - 0) + -2
4
32 + -31 + -4 + -1 + 12
8
10 - (12 - 6 - -10)
-6
Calculate 2 + 2 + -10 - -2.
-4
What is -6 - (6 - 1 - 10)?
-1
-2 - (-2 - 0 - 2 - -1)
1
What is the value of (13 + -2 - (0 + 3)) + -2?
6
What is 0 + 0 + 4 + -7?
-3
What is (15 + -5 - 10) + (0 - 1)?
-1
What is the value of 5 - (-7 + 17 - 5)?
0
What is (-18 - -11) + 11 - 6?
-2
Evaluate -7 + (-10 - -7) + 0 + 0.
-10
Evaluate -2 + -3 - (-2 + (2 - 0)).
-5
Evaluate -3 + (10 - 16) + (2 - -1).
-6
What is the value of -2 - (-1 + -1) - (39 - 37)?
-2
Evaluate (0 - 9) + -1 + 10.
0
11 + -3 + -10 + 4
2
What is 14 + -20 - (4 - (4 + 2))?
-4
What is 7 + -3 - (2 + 3)?
-1
Calculate 0 + 10 + -3 - (4 + 2).
1
What is 1 + -3 - (-25 - (-32 + 20))?
11
What is the value of (-32 + 28 - (-1 + 0)) + 6?
3
-7 + 14 - (3 - (0 - 0))
4
What is 2 - 7 - (-14 + -1 + 13)?
-3
Calculate 6 + -8 - (3 + 0).
-5
What is the value of -2 + -1 - (-16 + (-13 - -25))?
1
What is the value of -1 + 0 + 7 + -4 - -2?
4
Evaluate -166 - -168 - (7 - 0).
-5
Calculate -9 + 11 - 4 - -9.
7
Evaluate 0 - -9 - ((-2 - 0) + 6).
5
-1 - (-5 + 7 - 8)
5
6 + (-9 - (0 - 6))
3
What is -3 + 5 + -1 - 3?
-2
(0 - 0) + (-25 - -21)
-4
0 + 1 - (-8 - (-9 - -4))
4
What is 10 - 5 - (-10 - -11)?
4
-10 + 3 + -1 + 8
0
Calculate 2 + -8 - (-4 + 1).
-3
-5 + 10 - ((2 - 2) + 3)
2
What is -3 + 2 + 3 + 2?
4
Calculate -6 + -3 - ((-5 - 5) + 5).
-4
Calculate 4 - (-2 - (-7 + 2)).
1
Calculate 3 + (4 - 1) + -4 + 0.
2
Evaluate 1 + 5 + (9 - 15).
0
0 + 5 + -1 + -7
-3
Calculate -29 - -27 - (-2 - -2).
-2
Calculate (4 - 2) + -5 + -3 - -1.
-5
Calculate 14 + -26 + 13 + 0.
1
Evaluate -84 + 71 - (1 + -12).
-2
What is (-1 - (-7 + 5)) + 1 - 3?
-1
What is 9 - ((12 - 6) + 1)?
2
What is the value of -4 + (-2 - 2 - -3)?
-5
(7 - 1) + (1 - 0 - 7)
0
What is the value of -3 - ((3 - 0) + -17 + 7)?
4
What is the value of (-7 - -1) + (7 - -6)?
7
Evaluate 1 + (-4 + 8 + -5 - -3).
3
-3 - 5 - (-6 + -4)
2
What is the value of 1 - (1 + -3 - -4) - -6?
5
(4 - -6) + -9 - 3
-2
Evaluate 4 - (-9 + 14) - (-2 + 5).
-4
What is (-11 + 10 - -1) + 7?
7
Evaluate 4 + 0 + -4 - 2.
-2
What is the value of -11 + 10 - (-1 + -3)?
3
Calculate (8 - ((9 - 5) + 0)) + -10.
-6
Calculate 2 - (-7 - (2 - 10)).
1
Evaluate (-3 - -7) + 0 + -9.
-5
What is 1 + 1 - 6 - -6?
2
Calculate -1 + 0 - (42 - 45).
2
What is the value of (5 - 1) + -4 + -3?
-3
(1 + -4 - -2) + 5 + -10
-6
Evaluate -3 + (-9 - -1) + (5 - -2).
-4
Calculate -5 + (10 - 5) + 6.
6
What is 1 - (-1 + -1) - 1?
2
What is the value of 0 + -1 + -4 - (-145 + 140)?
0
Calculate -3 - -13 - (1 - -5).
4
What is the value of 9 - (1 + -2 - 1 - -5)?
6
0 + -2 + -1 + -5 + 10
2
What is the value of (-6 - (4 + -8)) + -4 + 2?
-4
Evaluate 2 + (4 - 2 - 5).
-1
What is the value of -6 + 2 + -1 - -2?
-3
6 + -12 + 0 + 6
0
9 + 2 - (-30 - -41)
0
Calculate 4 + 0 + 3 + (-15 - -3).
-5
1 - (1 + 3 + -7 + 3)
1
5 - (0 + 5) - (1 - 1)
0
What is -1 - 0 - (5 - (-3 + 5))?
-4
What is the value of 9 + 3 + 3 + -9?
6
-4 - (7 + -16) - 2
3
Evaluate -10 - -1 - (-11 + 8) - -6.
0
Evaluate 0 + 0 - (-22 + 20).
2
(3 - (3 + 0)) + 3
3
Calculate 1 + -10 + 5 - -8.
4
What is the value of -4 + 1 - (-21 - -2) - 7?
9
What is -5 - (-1 + 3 + -6)?
-1
3 + 2 + -6 + (-8 - 0)
-9
What is -9 - (-15 - -13 - (1 - -1))?
-5
What is 1 + 3 + 17 + -17?
4
What is -1 - 2 - (31 - 28)?
-6
Calculate (-1 - -1) + 1 + 6 + -9.
-2
1 + 1 + 44 + -44
2
Evaluate 5 - 3 - (2 + 11 - 4).
-7
-1 + 2 + -4 - 2
-5
Evaluate -12 + 11 + -1 + 5.
3
1 + -3 + -3 - (-2 + -2)
-1
Evaluate 6 - (9 - (-3 + (2 - -7))).
3
What is the value of (0 - -6) + (7 - 2) + -7?
4
0 - (1 - 3) - (-6 + 4)
4
What is 5 - ((3 - -8) + -5)?
-1
Calculate -3 + 2 - (-2 + 1).
0
(7 - (5 + 2)) + (1 - -1)
2
What is the value of (-7 + 5 - 1) + (0 - -8)?
5
7 + -3 + 2 - 13
-7
What is the value of (-5 + 6 - -7) + -3?
5
Evaluate -3 + -2 + 3 + -2.
-4
-1 + -2 + (1 - (6 - 3))
-5
What is (1 - (0 + 0)) + -4 + 2?
-1
Evaluate 13 + -7 - (0 + 3).
3
What is 4 + (3 - 7) + (1 - 0)?
1
Calculate -16 + (-12 - -26) - (0 + 4).
-6
Evaluate (8 - 1) + -1 + -1 + 1.
6
Calculate (4 - 5) + -4 - -3.
-2
Evaluate 3 - (5 + -3 + -11 - -4).
8
Evaluate 1 + -2 + (-5 - -2) + -1.
-5
(-9 - -6) + 7 - -2
6
What is (-2 - -5) + -7 + 2?
-2
Evaluate 5 + -1 - (-1 - -2).
3
-2 - (0 - 4 - (-9 - -4))
-3
2 + -3 - (1 - 8)
6
What is the value of 10 + -15 - (2 + -8)?
1
0 - (7 + -6) - (-2 - -5)
-4
-1 - (0 + (-6 + 2 - 3))
6
What is the value of -2 + (-2 + 4 + -3 - -2)?
-1
What is the value of 0 + 4 + -7 - -2?
-1
What is the value of -4 + (1 + -2 - -3)?
-2
Evaluate (0 - 1) + 6 + -4 + 0.
1
What is the value of (0 - 0 - 2) + 4?
2
What is -2 + 0 + 2 + (-36 - -36)?
0
What is the value of (52 + -57 - (-4 - -1)) + 3?
1
What is the value of 17 + -12 + -8 + 1 + 3?
1
What is 6 - 2 - (7 - 0) - -6?
3
(-8 - -3) + 10 + -5 + 1
1
What is -2 + 4 + -2 - (-5 + 1)?
4
What is the value of (8 - (1 + 1)) + (20 - 18)?
8
What is -5 - ((-3 - -1) + -8) - -1?
6
Calculate -3 - ((-1 - -4) + 37 + -40).
-3
What is the value of 27 + -38 - (2 - 22)?
9
What is 15 + -21 - -3 - 8?
-11
Calculate (-5 - (-2 + 0) - -5) + -2.
0
(-2 - -1) + (-32 - -30)
-3
What is the value of (1 + 3 - 0) + 2 + -1?
5
What is 0 + 5 - (-28 - -29)?
4
What is -21 + 23 - (-2 + 2 - 1)?
3
Evaluate 6 + 2 + -3 + 2 + -4.
3
Calculate -5 - (-11 - (-3 - 0)).
3
Calculate (3 + -5 + 8 - 3) + 5.
8
Calculate (-7 - (-1 + -4)) + (-2 - 1).
-5
Evaluate 7 + -13 + 0 - 1.
-7
What is -9 - (-6 + 12 - 10) - -4?
-1
What is the value of 18 + -18 + -1 + 2?
1
What is the value of 3 + (-10 + 9 - (-4 -